{"id":1530,"date":"2026-03-11T13:10:45","date_gmt":"2026-03-11T13:10:45","guid":{"rendered":"https:\/\/ynov2026.dear4215.odns.fr\/leo\/?page_id=1530"},"modified":"2026-03-11T13:52:49","modified_gmt":"2026-03-11T13:52:49","slug":"faq","status":"publish","type":"page","link":"https:\/\/wordpress.brainyformations.com\/leo\/faq\/","title":{"rendered":"FAQ"},"content":{"rendered":"\n<section id=\"wp-block-themeisle-blocks-advanced-columns-546fa8db\" class=\"wp-block-themeisle-blocks-advanced-columns alignfull has-1-columns has-desktop-equal-layout has-tablet-equal-layout has-mobile-equal-layout has-vertical-flex-start has-light-bg\"><div class=\"wp-block-themeisle-blocks-advanced-columns-overlay\"><\/div><div class=\"innerblocks-wrap\">\n<div id=\"wp-block-themeisle-blocks-advanced-column-822525d3\" class=\"wp-block-themeisle-blocks-advanced-column\">\n<h2 class=\"wp-block-heading has-neve-link-color-color has-text-color has-link-color wp-elements-9ac59b27ff90101e2a78d5841f57d14f\">Nos Engagements &amp; Mati\u00e8res<\/h2>\n\n\n\n<h3 class=\"wp-block-heading has-text-align-left has-text-color has-link-color has-inter-font-family wp-elements-a290c36cfe7a2d409f67ad7ada2d465b\" style=\"color:#2e3433\">O\u00f9 sont fabriqu\u00e9s vos v\u00eatements ?<\/h3>\n\n\n\n<p class=\"has-text-align-left has-text-color has-link-color wp-elements-e1b2a54a27433bd4e7932ed049e1a1d2\" style=\"color:#2e3433\">Toutes nos pi\u00e8ces sont confectionn\u00e9es \u00e0 100% en France, au sein d\u2019ateliers partenaires s\u00e9lectionn\u00e9s pour leur savoir-faire artisanal et le respect des conditions de travail.<\/p>\n\n\n\n<h3 class=\"wp-block-heading has-text-color has-link-color has-inter-font-family wp-elements-d257cbbf890a4bde91b39ba8228b686a\" style=\"color:#2e3433\">Quelles mati\u00e8res utilisez-vous ?<\/h3>\n\n\n\n<p class=\"has-text-color has-link-color wp-elements-5483aaed3965f0f36901e1c24b61af1f\" style=\"color:#2e3433\">Nous privil\u00e9gions les fibres naturelles et durables : le lin (cultiv\u00e9 en Europe), le chanvre et le coton biologique certifi\u00e9 GOTS. Ces mati\u00e8res sont choisies pour leur faible consommation d&#8217;eau et leur douceur absolue.<\/p>\n\n\n\n<h3 class=\"wp-block-heading has-text-color has-link-color has-inter-font-family wp-elements-beab663c24ea6232bfb85196299c2024\" style=\"color:#2e3433\">Qu\u2019est-ce que le &#8220;Green Code&#8221; sur mes \u00e9tiquettes ?<\/h3>\n\n\n\n<p class=\"has-text-color has-link-color wp-elements-364cc2b7e54fa33ae9e772b15f292e40\" style=\"color:#2e3433\">C\u2019est notre passeport de transparence. En scannant le QR code sur votre v\u00eatement, vous acc\u00e9dez \u00e0 toute sa tra\u00e7abilit\u00e9 : de l&#8217;origine de la fibre jusqu&#8217;\u00e0 l&#8217;atelier de confection.<\/p>\n\n\n\n<p><\/p>\n<\/div>\n<\/div><\/section>\n\n\n\n<section id=\"wp-block-themeisle-blocks-advanced-columns-0fa46d9b\" class=\"wp-block-themeisle-blocks-advanced-columns alignfull has-1-columns has-desktop-equal-layout has-tablet-equal-layout has-mobile-equal-layout has-vertical-flex-start has-light-bg\"><div class=\"wp-block-themeisle-blocks-advanced-columns-overlay\"><\/div><div class=\"innerblocks-wrap\">\n<div id=\"wp-block-themeisle-blocks-advanced-column-e601355b\" class=\"wp-block-themeisle-blocks-advanced-column\">\n<h2 class=\"wp-block-heading has-neve-link-color-color has-text-color has-link-color wp-elements-98c5b787bfab1348bd66053ac3e3cfe1\">Commandes &amp; Livraison<\/h2>\n\n\n\n<h3 class=\"wp-block-heading has-text-align-left has-text-color has-link-color has-inter-font-family wp-elements-7110a6d38a64c004fdc76ca371f62cc3\" style=\"color:#2e3433\">Quels sont les d\u00e9lais de livraison ?<\/h3>\n\n\n\n<p class=\"has-text-align-left has-text-color has-link-color wp-elements-b6d83643c771fd21a219fcd33df48d19\" style=\"color:#2e3433\">Pour nos produits en stock, comptez 3 \u00e0 5 jours ouvr\u00e9s. Pour nos pi\u00e8ces en pr\u00e9-commande, le d\u00e9lai est indiqu\u00e9 sur la fiche produit (le temps pour nos artisans de fabriquer votre pi\u00e8ce avec soin).<\/p>\n\n\n\n<h3 class=\"wp-block-heading has-text-color has-link-color has-inter-font-family wp-elements-09ec52ebd99761939c029feec9a0f9e9\" style=\"color:#2e3433\">Livrez-vous \u00e0 l&#8217;international ?<\/h3>\n\n\n\n<p class=\"has-text-color has-link-color wp-elements-ce1e012186f4338a3928a75b339ecd03\" style=\"color:#2e3433\">Oui, nous exp\u00e9dions nos cr\u00e9ations partout en Europe et dans le reste du monde, toujours avec des solutions logistiques cherchant \u00e0 limiter notre impact carbone.<\/p>\n\n\n\n<p><\/p>\n<\/div>\n<\/div><\/section>\n\n\n\n<section id=\"wp-block-themeisle-blocks-advanced-columns-726caafa\" class=\"wp-block-themeisle-blocks-advanced-columns alignfull has-1-columns has-desktop-equal-layout has-tablet-equal-layout has-mobile-equal-layout has-vertical-flex-start has-light-bg\"><div class=\"wp-block-themeisle-blocks-advanced-columns-overlay\"><\/div><div class=\"innerblocks-wrap\">\n<div id=\"wp-block-themeisle-blocks-advanced-column-be732b05\" class=\"wp-block-themeisle-blocks-advanced-column\">\n<h2 class=\"wp-block-heading has-neve-link-color-color has-text-color has-link-color wp-elements-8715fa91d605f33046e69f281ed57b97\">Entretien &amp; Tailles<\/h2>\n\n\n\n<h3 class=\"wp-block-heading has-text-align-left has-text-color has-link-color has-inter-font-family wp-elements-432840b28086e35669a9d560f86be225\" style=\"color:#2e3433\">Comment entretenir mes v\u00eatements Ethikwear ?<\/h3>\n\n\n\n<p class=\"has-text-align-left has-text-color has-link-color wp-elements-902841c9f240e26f813b9e250505795f\" style=\"color:#2e3433\">Pour pr\u00e9server la beaut\u00e9 des fibres naturelles, nous recommandons un lavage \u00e0 30\u00b0C maximum et un s\u00e9chage \u00e0 l&#8217;air libre. \u00c9vitez le s\u00e8che-linge, la plan\u00e8te et vos v\u00eatements vous remercieront.<\/p>\n\n\n\n<h3 class=\"wp-block-heading has-text-color has-link-color has-inter-font-family wp-elements-f62173dc58b5a860c7029e195c844fc9\" style=\"color:#2e3433\">Comment choisir ma taille ?<\/h3>\n\n\n\n<p class=\"has-text-color has-link-color wp-elements-3f45478b6600feb715c0becf694fcc13\" style=\"color:#2e3433\">Nos coupes sont pens\u00e9es pour \u00eatre confortables et intemporelles. Un guide des tailles d\u00e9taill\u00e9 est disponible sur chaque fiche produit. Si vous h\u00e9sitez entre deux tailles, nous vous conseillons de prendre votre taille habituelle.<\/p>\n\n\n\n<p><\/p>\n\n\n\n<p><\/p>\n\n\n\n<p><\/p>\n<\/div>\n<\/div><\/section>\n\n\n\n<section id=\"wp-block-themeisle-blocks-advanced-columns-6a798b1e\" class=\"wp-block-themeisle-blocks-advanced-columns alignfull has-1-columns has-desktop-equal-layout has-tablet-equal-layout has-mobile-equal-layout has-vertical-flex-start has-light-bg\"><div class=\"wp-block-themeisle-blocks-advanced-columns-overlay\"><\/div><div class=\"innerblocks-wrap\">\n<div id=\"wp-block-themeisle-blocks-advanced-column-15e17ecb\" class=\"wp-block-themeisle-blocks-advanced-column\">\n<h2 class=\"wp-block-heading has-neve-link-color-color has-text-color has-link-color wp-elements-6d7bb918be237d81cf1de38b30129ae8\">Retours &amp; \u00c9changes<\/h2>\n\n\n\n<h3 class=\"wp-block-heading has-text-align-left has-text-color has-link-color has-inter-font-family wp-elements-464a2d1df850d7ab986d5b92a07b6838\" style=\"color:#2e3433\">Puis-je retourner un article s&#8217;il ne me convient pas ?<\/h3>\n\n\n\n<p class=\"has-text-align-left has-text-color has-link-color wp-elements-225358250e3c722331570978dc19a09a\" style=\"color:#2e3433\">Bien s\u00fbr. Vous disposez de 14 jours apr\u00e8s r\u00e9ception pour nous retourner un article dans son \u00e9tat d&#8217;origine. Les retours sont simples et guid\u00e9s via notre portail d\u00e9di\u00e9.<\/p>\n\n\n\n<p><\/p>\n\n\n\n<p><\/p>\n\n\n\n<p><\/p>\n<\/div>\n<\/div><\/section>\n","protected":false},"excerpt":{"rendered":"","protected":false},"author":2,"featured_media":0,"parent":0,"menu_order":0,"comment_status":"closed","ping_status":"closed","template":"","meta":{"neve_meta_sidebar":"","neve_meta_container":"","neve_meta_enable_content_width":"","neve_meta_content_width":0,"neve_meta_title_alignment":"","neve_meta_author_avatar":"","neve_post_elements_order":"","neve_meta_disable_header":"","neve_meta_disable_footer":"","neve_meta_disable_title":"","_themeisle_gutenberg_block_has_review":false,"footnotes":""},"class_list":["post-1530","page","type-page","status-publish","hentry"],"jetpack_sharing_enabled":true,"_links":{"self":[{"href":"https:\/\/wordpress.brainyformations.com\/leo\/wp-json\/wp\/v2\/pages\/1530","targetHints":{"allow":["GET"]}}],"collection":[{"href":"https:\/\/wordpress.brainyformations.com\/leo\/wp-json\/wp\/v2\/pages"}],"about":[{"href":"https:\/\/wordpress.brainyformations.com\/leo\/wp-json\/wp\/v2\/types\/page"}],"author":[{"embeddable":true,"href":"https:\/\/wordpress.brainyformations.com\/leo\/wp-json\/wp\/v2\/users\/2"}],"replies":[{"embeddable":true,"href":"https:\/\/wordpress.brainyformations.com\/leo\/wp-json\/wp\/v2\/comments?post=1530"}],"version-history":[{"count":4,"href":"https:\/\/wordpress.brainyformations.com\/leo\/wp-json\/wp\/v2\/pages\/1530\/revisions"}],"predecessor-version":[{"id":1537,"href":"https:\/\/wordpress.brainyformations.com\/leo\/wp-json\/wp\/v2\/pages\/1530\/revisions\/1537"}],"wp:attachment":[{"href":"https:\/\/wordpress.brainyformations.com\/leo\/wp-json\/wp\/v2\/media?parent=1530"}],"curies":[{"name":"wp","href":"https:\/\/api.w.org\/{rel}","templated":true}]}}